{"id":472,"date":"2022-01-27T13:50:29","date_gmt":"2022-01-27T13:50:29","guid":{"rendered":"http:\/\/www.kordesder.org.tr\/?page_id=472"},"modified":"2025-11-28T20:27:44","modified_gmt":"2025-11-28T20:27:44","slug":"kordes-sohbet-odasi","status":"publish","type":"page","link":"https:\/\/www.kordesder.org.tr\/?page_id=472","title":{"rendered":"K\u00f6rdes Sohbet Odas\u0131"},"content":{"rendered":"\t\t<div data-elementor-type=\"wp-page\" data-elementor-id=\"472\" class=\"elementor elementor-472\" data-elementor-settings=\"[]\">\n\t\t\t\t\t\t\t<div class=\"elementor-section-wrap\">\n\t\t\t\t\t\t\t<section class=\"elementor-section elementor-top-section elementor-element elementor-element-fdf0d6c elementor-section-boxed elementor-section-height-default elementor-section-height-default\" data-id=\"fdf0d6c\" data-element_type=\"section\">\n\t\t\t\t\t\t<div class=\"elementor-container elementor-column-gap-default\">\n\t\t\t\t\t<div class=\"elementor-column elementor-col-50 elementor-top-column elementor-element elementor-element-1d0f75f\" data-id=\"1d0f75f\" data-element_type=\"column\">\n\t\t\t<div class=\"elementor-widget-wrap elementor-element-populated\">\n\t\t\t\t\t\t\t\t<div class=\"elementor-element elementor-element-0bc9737 elementor-widget elementor-widget-premium-addon-title\" data-id=\"0bc9737\" data-element_type=\"widget\" data-widget_type=\"premium-addon-title.default\">\n\t\t\t\t<div class=\"elementor-widget-container\">\n\t\t\t\r\n\t<div class=\"premium-title-container style4\">\r\n\t\t<h3 class=\"premium-title-header premium-title-style4\">\r\n\t\t\t\r\n\t\t\t\r\n\t\t\t\t\t\t\t\t\t<span class=\"premium-title-text\" >\r\n\t\t\t\tEfsane Sesli Sohbet ve E\u011fitim Platformu\t\t\t<\/span>\r\n\t\t\t\t\r\n\t\t\t\t\t\t\t\t<\/h3>\r\n\t<\/div>\r\n\r\n\t\t\t\t<\/div>\n\t\t\t\t<\/div>\n\t\t\t\t<div class=\"elementor-element elementor-element-91014f9 elementor-widget elementor-widget-text-editor\" data-id=\"91014f9\" data-element_type=\"widget\" data-widget_type=\"text-editor.default\">\n\t\t\t\t<div class=\"elementor-widget-container\">\n\t\t\t\t\t\t\t<p><span style=\"font-family: var( --e-global-typography-text-font-family ), Sans-serif; word-spacing: normal;\">Derne\u011fimiz b\u00fcnyesinde faaliyet g\u00f6steren ve G\u00f6rme engellilere hizmet ama\u00e7l\u0131 kurulan Efsane sesli sohbet ve e\u011fitim platformuna \u00fcye olarak; g\u00f6rme engellilere y\u00f6nelik sosyal, k\u00fclt\u00fcrel ve e\u011fitim ama\u00e7l\u0131 etkinliklere kat\u0131labilir, engelli camias\u0131ndaki g\u00fcncel geli\u015fmeler hakk\u0131nda bilgi alabilirsiniz.<\/span><br><\/p>\n<p>Platformumuza \u00fcye oldu\u011funuzda EKPSS, \u00dcniversite haz\u0131rl\u0131k ,YKS,LGS vb kurslar ve s\u0131navlarla ilgili sohbet ve payla\u015f\u0131m gruplar\u0131m\u0131za kat\u0131labilir, Online olarak derslerimiz ve videolar\u0131m\u0131zdan faydalanabilirsiniz.<\/p>\n<p>Sohbet odam\u0131za kat\u0131labilmek i\u00e7in \u00fcyelik olu\u015fturman\u0131z ve \u00fccretsiz TeamTalk uygulamas\u0131n\u0131 telefon ya da bilgisayar\u0131n\u0131za y\u00fcklemeniz gerekmektedir.<\/p>\n<p>Uygulamay\u0131 bilgisayar\u0131n\u0131za \u00fccretsiz indirmek i\u00e7in <a href=\"https:\/\/bearware.dk\/teamtalk\/v5.21\/TeamTalk_v5.21_Setup.exe\">bu ba\u011flant\u0131y\u0131<\/a> kullanabilirsiniz. Ak\u0131ll\u0131 telefonunuza y\u00fcklemek i\u00e7in App Store ve Google Play&#8217;de uygulamay\u0131 bulabilirsiniz.<\/p>\n<p>\u00dcyelik i\u015flemleri hakk\u0131nda yetkili arkada\u015f\u0131m\u0131z Osman BAYLAN ile a\u015fa\u011f\u0131daki numaradan ileti\u015fime ge\u00e7erek sohbet odam\u0131z i\u00e7in \u00fcyelik olu\u015fturabilir ve teknik destek alabilirsiniz.<\/p>\n<p>Osman BAYLAN &#8211; 0543 528 31 60<\/p>\n<p><a name=\"_GoBack\"><\/a>Efsane sesli sohbet ve e\u011fitim platformu Sohbet Odas\u0131 Sunucu Adi: efsane.biz.tr<\/p>\t\t\t\t\t\t<\/div>\n\t\t\t\t<\/div>\n\t\t\t\t\t<\/div>\n\t\t<\/div>\n\t\t\t\t<div class=\"elementor-column elementor-col-50 elementor-top-column elementor-element elementor-element-1212e3e\" data-id=\"1212e3e\" data-element_type=\"column\">\n\t\t\t<div class=\"elementor-widget-wrap elementor-element-populated\">\n\t\t\t\t\t\t\t\t<div class=\"elementor-element elementor-element-90c2ff9 elementor-widget elementor-widget-image\" data-id=\"90c2ff9\" data-element_type=\"widget\" data-widget_type=\"image.default\">\n\t\t\t\t<div class=\"elementor-widget-container\">\n\t\t\t\t\t\t\t\t\t\t\t\t\t\t\t<img width=\"640\" height=\"426\" src=\"https:\/\/www.kordesder.org.tr\/wp-content\/uploads\/2022\/01\/pexels-eren-li-7188681.jpg\" class=\"attachment-large size-large\" alt=\"\" loading=\"lazy\" srcset=\"https:\/\/www.kordesder.org.tr\/wp-content\/uploads\/2022\/01\/pexels-eren-li-7188681.jpg 640w, https:\/\/www.kordesder.org.tr\/wp-content\/uploads\/2022\/01\/pexels-eren-li-7188681-300x200.jpg 300w\" sizes=\"(max-width: 640px) 100vw, 640px\" \/>\t\t\t\t\t\t\t\t\t\t\t\t\t\t\t<\/div>\n\t\t\t\t<\/div>\n\t\t\t\t\t<\/div>\n\t\t<\/div>\n\t\t\t\t\t\t\t<\/div>\n\t\t<\/section>\n\t\t\t\t\t\t<\/div>\n\t\t\t\t\t<\/div>\n\t\t","protected":false},"excerpt":{"rendered":"<p>Efsane Sesli Sohbet ve E\u011fitim Platformu Derne\u011fimiz b\u00fcnyesinde faaliyet g\u00f6steren ve G\u00f6rme engellilere hizmet ama\u00e7l\u0131 kurulan Efsane sesli sohbet ve e\u011fitim platformuna \u00fcye olarak; g\u00f6rme engellilere y\u00f6nelik sosyal, k\u00fclt\u00fcrel ve e\u011fitim ama\u00e7l\u0131 etkinliklere kat\u0131labilir, engelli camias\u0131ndaki g\u00fcncel geli\u015fmeler hakk\u0131nda bilgi alabilirsiniz. Platformumuza \u00fcye oldu\u011funuzda EKPSS, \u00dcniversite haz\u0131rl\u0131k ,YKS,LGS vb kurslar ve s\u0131navlarla ilgili sohbet ve&hellip;<\/p>\n","protected":false},"author":1,"featured_media":0,"parent":0,"menu_order":0,"comment_status":"closed","ping_status":"closed","template":"","meta":[],"_links":{"self":[{"href":"https:\/\/www.kordesder.org.tr\/index.php?rest_route=\/wp\/v2\/pages\/472"}],"collection":[{"href":"https:\/\/www.kordesder.org.tr\/index.php?rest_route=\/wp\/v2\/pages"}],"about":[{"href":"https:\/\/www.kordesder.org.tr\/index.php?rest_route=\/wp\/v2\/types\/page"}],"author":[{"embeddable":true,"href":"https:\/\/www.kordesder.org.tr\/index.php?rest_route=\/wp\/v2\/users\/1"}],"replies":[{"embeddable":true,"href":"https:\/\/www.kordesder.org.tr\/index.php?rest_route=%2Fwp%2Fv2%2Fcomments&post=472"}],"version-history":[{"count":13,"href":"https:\/\/www.kordesder.org.tr\/index.php?rest_route=\/wp\/v2\/pages\/472\/revisions"}],"predecessor-version":[{"id":499,"href":"https:\/\/www.kordesder.org.tr\/index.php?rest_route=\/wp\/v2\/pages\/472\/revisions\/499"}],"wp:attachment":[{"href":"https:\/\/www.kordesder.org.tr\/index.php?rest_route=%2Fwp%2Fv2%2Fmedia&parent=472"}],"curies":[{"name":"wp","href":"https:\/\/api.w.org\/{rel}","templated":true}]}}