{"id":190,"date":"2021-09-20T10:35:18","date_gmt":"2021-09-20T10:35:18","guid":{"rendered":"http:\/\/www.kordesder.org.tr\/?page_id=190"},"modified":"2021-10-26T10:47:13","modified_gmt":"2021-10-26T10:47:13","slug":"iktisadi-isletme","status":"publish","type":"page","link":"https:\/\/www.kordesder.org.tr\/?page_id=190","title":{"rendered":"\u0130ktisadi \u0130\u015fletme"},"content":{"rendered":"\t\t<div data-elementor-type=\"wp-page\" data-elementor-id=\"190\" class=\"elementor elementor-190\" data-elementor-settings=\"[]\">\n\t\t\t\t\t\t\t<div class=\"elementor-section-wrap\">\n\t\t\t\t\t\t\t<section class=\"elementor-section elementor-top-section elementor-element elementor-element-f510efb elementor-section-boxed elementor-section-height-default elementor-section-height-default\" data-id=\"f510efb\" data-element_type=\"section\">\n\t\t\t\t\t\t<div class=\"elementor-container elementor-column-gap-default\">\n\t\t\t\t\t<div class=\"elementor-column elementor-col-100 elementor-top-column elementor-element elementor-element-8b6f5b0\" data-id=\"8b6f5b0\" data-element_type=\"column\">\n\t\t\t<div class=\"elementor-widget-wrap elementor-element-populated\">\n\t\t\t\t\t\t\t\t<div class=\"elementor-element elementor-element-385aec8 elementor-widget elementor-widget-premium-addon-title\" data-id=\"385aec8\" data-element_type=\"widget\" data-widget_type=\"premium-addon-title.default\">\n\t\t\t\t<div class=\"elementor-widget-container\">\n\t\t\t\r\n\t<div class=\"premium-title-container style1\">\r\n\t\t<h3 class=\"premium-title-header premium-title-style1\">\r\n\t\t\t\r\n\t\t\t\r\n\t\t\t\t\t\t\t\t\t<span class=\"premium-title-text\" >\r\n\t\t\t\tK\u00f6rlere E\u011fitim ve Destek Derne\u011fi \u0130ktisadi \u0130\u015fletmesi\t\t\t<\/span>\r\n\t\t\t\t\r\n\t\t\t\t\t\t\t\t<\/h3>\r\n\t<\/div>\r\n\r\n\t\t\t\t<\/div>\n\t\t\t\t<\/div>\n\t\t\t\t<div class=\"elementor-element elementor-element-280c1f3 elementor-widget elementor-widget-text-editor\" data-id=\"280c1f3\" data-element_type=\"widget\" data-widget_type=\"text-editor.default\">\n\t\t\t\t<div class=\"elementor-widget-container\">\n\t\t\t\t\t\t\t<p><!-- wp:paragraph --><\/p>\n<p>K\u00f6rlere E\u011fitim ve Destek Derne\u011fi \u0130ktisadi \u0130\u015fletmesi; dernek y\u00f6netim kurulunun kabul etmi\u015f oldu\u011fu y\u00f6netmelik \u00e7er\u00e7evesinde, derne\u011fin ticari etkinliklerini ger\u00e7ekle\u015ftirmek amac\u0131yla 2007 y\u0131l\u0131nda kurulmu\u015ftur.<\/p>\n<p><!-- \/wp:paragraph --><!-- wp:paragraph --><\/p>\n<p><br \/><strong>\u0130\u015fletmenin amac\u0131:<\/strong><br \/>K\u00e2r amac\u0131 g\u00f6zetilmeksizin s\u00fcrd\u00fcr\u00fclen dernek \u00e7al\u0131\u015fmalar\u0131 i\u00e7in, gerekli kayna\u011f\u0131 olu\u015fturmak ve g\u00f6rme \u00f6z\u00fcrl\u00fclere istihdam ama\u00e7l\u0131 faaliyet ger\u00e7ekle\u015ftirmektir.<\/p>\n<p><!-- \/wp:paragraph --><!-- wp:paragraph --><\/p>\n<p>\u00a0<\/p>\n<p><!-- \/wp:paragraph --><!-- wp:paragraph --><\/p>\n<p><strong>\u0130ktisadi \u0130\u015fletme M\u00fcd\u00fcr\u00fc<\/strong><\/p>\n<p><!-- \/wp:paragraph --><!-- wp:paragraph --><\/p>\n<p>Muhammed Taha SALTAN<\/p>\n<p><!-- \/wp:paragraph --><\/p>\t\t\t\t\t\t<\/div>\n\t\t\t\t<\/div>\n\t\t\t\t\t<\/div>\n\t\t<\/div>\n\t\t\t\t\t\t\t<\/div>\n\t\t<\/section>\n\t\t\t\t\t\t<\/div>\n\t\t\t\t\t<\/div>\n\t\t","protected":false},"excerpt":{"rendered":"<p>K\u00f6rlere E\u011fitim ve Destek Derne\u011fi \u0130ktisadi \u0130\u015fletmesi K\u00f6rlere E\u011fitim ve Destek Derne\u011fi \u0130ktisadi \u0130\u015fletmesi; dernek y\u00f6netim kurulunun kabul etmi\u015f oldu\u011fu y\u00f6netmelik \u00e7er\u00e7evesinde, derne\u011fin ticari etkinliklerini ger\u00e7ekle\u015ftirmek amac\u0131yla 2007 y\u0131l\u0131nda kurulmu\u015ftur. \u0130\u015fletmenin amac\u0131:K\u00e2r amac\u0131 g\u00f6zetilmeksizin s\u00fcrd\u00fcr\u00fclen dernek \u00e7al\u0131\u015fmalar\u0131 i\u00e7in, gerekli kayna\u011f\u0131 olu\u015fturmak ve g\u00f6rme \u00f6z\u00fcrl\u00fclere istihdam ama\u00e7l\u0131 faaliyet ger\u00e7ekle\u015ftirmektir. \u00a0 \u0130ktisadi \u0130\u015fletme M\u00fcd\u00fcr\u00fc Muhammed Taha SALTAN<\/p>\n","protected":false},"author":1,"featured_media":0,"parent":0,"menu_order":0,"comment_status":"closed","ping_status":"closed","template":"","meta":[],"_links":{"self":[{"href":"https:\/\/www.kordesder.org.tr\/index.php?rest_route=\/wp\/v2\/pages\/190"}],"collection":[{"href":"https:\/\/www.kordesder.org.tr\/index.php?rest_route=\/wp\/v2\/pages"}],"about":[{"href":"https:\/\/www.kordesder.org.tr\/index.php?rest_route=\/wp\/v2\/types\/page"}],"author":[{"embeddable":true,"href":"https:\/\/www.kordesder.org.tr\/index.php?rest_route=\/wp\/v2\/users\/1"}],"replies":[{"embeddable":true,"href":"https:\/\/www.kordesder.org.tr\/index.php?rest_route=%2Fwp%2Fv2%2Fcomments&post=190"}],"version-history":[{"count":3,"href":"https:\/\/www.kordesder.org.tr\/index.php?rest_route=\/wp\/v2\/pages\/190\/revisions"}],"predecessor-version":[{"id":468,"href":"https:\/\/www.kordesder.org.tr\/index.php?rest_route=\/wp\/v2\/pages\/190\/revisions\/468"}],"wp:attachment":[{"href":"https:\/\/www.kordesder.org.tr\/index.php?rest_route=%2Fwp%2Fv2%2Fmedia&parent=190"}],"curies":[{"name":"wp","href":"https:\/\/api.w.org\/{rel}","templated":true}]}}